0*b - 17. Let h be ((-5)/(-15))/(2/24)*4. Let r be z(h). What is the greatest common divisor of r and 13?
13
Suppose -s = 6*s. Let t be 3 + (4 - (-1 - s)). Let j = t + -5. Calculate the highest common factor of j and 3.
3
Suppose -l - 7 + 28 = 0. Let x be (-3)/7 + 93/l. Calculate the greatest common divisor of 6 and x.
2
Let i = 697 - 689. Suppose 1 = -4*g + 9. Calculate the greatest common divisor of i and g.
2
Let g be 19 + -5 - (-11 + 10). Calculate the greatest common factor of g and 645.
15
Let r = -1502 - -1514. Let c(o) = 59*o**2 - o. Let a be c(-1). What is the greatest common divisor of a and r?
12
Let x = -16 - -20. Suppose -2*y + 2 = -x. What is the highest common factor of y and 33?
3
Let z be 2*(-2 + 3 + 1). Suppose 48 = z*y + 2*j - j, 3*j = 5*y - 60. Suppose 5*l + 0*l = 60. Calculate the highest common divisor of y and l.
12
Let a = 6 - 6. Suppose 2*j = -a*j. Suppose 0*k + k = j, -4*n - k = -40. What is the greatest common divisor of 5 and n?
5
Let n be 8/5 + 127785/525. Calculate the highest common factor of 392 and n.
49
Let q be ((-5)/(-3))/(2/(34 - 4)). Let x(g) = -g**3 - 2*g**2 - 2*g - 6. Let h be x(-6). Calculate the greatest common factor of h and q.
25
Suppose y - 2*d + 3 - 52 = 0, 4*y - 182 = d. Calculate the greatest common factor of 285 and y.
15
Let s = 53 + -45. Suppose 0 = s*o - 578 - 142. What is the greatest common divisor of o and 18?
18
Let f be ((2 + 142)/6)/2. What is the greatest common divisor of f and 6?
6
Suppose 1 = 2*t - 5. Let b be 1 - (-40 - (0 + 1)). Let y = b + t. Calculate the greatest common divisor of y and 5.
5
Let a(i) = i**3 - 6*i**2 + 4*i - 12. Let g be a(6). Let n = 9 - -99. What is the highest common factor of g and n?
12
Let a(s) = -5*s**2 - 14*s - 6. Let u be a(12). Let p = u - -1314. Suppose -c - 4*c = -p. Calculate the highest common divisor of 12 and c.
12
Let q = 151 + -81. What is the highest common divisor of 350 and q?
70
Let x = -3 + 5. Suppose -6*o - 2148 + 7668 = 0. Suppose -o = -x*q - 3*q. What is the greatest common divisor of q and 23?
23
Suppose 0 = -5*p - 553 + 3003. Suppose -3*k - p = -8*k. Calculate the highest common factor of 14 and k.
14
Let t(w) = -93*w - 39. Let d be t(-6). Let l = d + -211. What is the greatest common factor of 28 and l?
28
Suppose -9*c + 8*c = -48. Calculate the greatest common factor of 300 and c.
12
Let p be (-4)/(-22) - (-3954)/33. Suppose -3*j = 2*j - p. Suppose k + 5*b = -14, -17 - 3 = -4*k - b. What is the highest common divisor of j and k?
6
Suppose -5*w - 37 + 282 = 0. Suppose -w = 10*g - 409. What is the highest common divisor of 396 and g?
36
Let a be 15002/39*3/(-1). Let s = a + 2101. Suppose -3*m - s = -5*u, -5*m - 505 - 263 = -4*u. What is the greatest common factor of 17 and u?
17
Suppose -3*q + 10 = 2*q. Suppose -w + 34 = 4*f, -3*f - q*f + 3*w = -51. Suppose 5*y - 1 = f. Calculate the greatest common factor of 1 and y.
1
Let d = 34 + -20. Let r be 15/(-6)*9/((-225)/830). Let f = r + -48. Calculate the greatest common factor of d and f.
7
Suppose 5*u = -s + 913, 4*s = 5*u + 9*s - 925. What is the greatest common factor of 84 and u?
14
Suppose -9*z - 69 = -204. Calculate the highest common factor of z and 705.
15
Let p be (0 - (-42)/(-4))/(33/(-66)). Calculate the highest common divisor of 9 and p.
3
Let o be 145*((-14)/28)/(1/(-2)). What is the greatest common factor of 20 and o?
5
Suppose 11*l = 3*l + 16. Let d be l - -49*(-4 + 11). Calculate the highest common factor of 15 and d.
15
Let a(f) = 2*f**2 + 10*f + 39. Let c be a(-9). Calculate the highest common factor of 74 and c.
37
Let m(r) = -r**3 + 15*r**2 - 21*r + 15. Let l be m(13). Calculate the highest common factor of 32 and l.
16
Suppose 5*k + 5*b = 196 + 74, -5*k - b = -290. Calculate the greatest common divisor of 472 and k.
59
Let p be ((-1)/(-3))/(14/168). Let c = -7 - -12. Suppose 2*v - j - c = 0, -5*j = p*v - j - 28. What is the greatest common divisor of 6 and v?
2
Let m(r) = 69*r**2 - 17*r + 25. Let t be m(5). Calculate the greatest common factor of t and 45.
45
Let y(r) = 26*r**2 - 12*r - 2. Let j be ((-21)/6)/(1/(-2)). Let o be y(j). Suppose -2*z = -6*z + o. Calculate the greatest common divisor of z and 27.
27
Let x = 2218 - 1554. Let d = -79 + x. Let f be d/20 - (-3)/4. Calculate the highest common divisor of 15 and f.
15
Let a = 911 + -812. What is the greatest common factor of 561 and a?
33
Let v be 16/20 - 1112/(-10). Let b(s) = 4*s - 5. Let r be b(3). What is the highest common divisor of v and r?
7
Suppose -3*v - 2*c = 3, 4*c - 18 = -v + 3*v. Let l be 1*v*(-2 + 20/(-12)). What is the greatest common factor of 99 and l?
11
Suppose -j + 55 = -3*h, j - 2*h = -0*h + 50. What is the greatest common divisor of 392 and j?
8
Let c be 0 + 22/6*3. Let j(f) = 12*f + 101. Let s be j(9). What is the highest common factor of s and c?
11
Let n be (-452)/20 + (-2)/5. Let l = 42 + n. What is the greatest common factor of l and 19?
19
Let r be (-6)/(-1)*(-24966)/(-228). What is the highest common factor of r and 146?
73
Suppose -2 + 4 = 2*d - g, 0 = 5*d + 3*g - 16. Suppose -3*a + d*a - 30 = 0. Let j be a/(-8) - 2/(-8). Calculate the greatest common factor of j and 28.
4
Let t be 4/2*(-30)/(-12). Suppose 5*a = 5 + t. Suppose -6 = a*y - 4*y, d + 11 = 5*y. Calculate the greatest common divisor of d and 4.
4
Let m(q) = 15*q**2 + 2*q - 11. Let c be m(4). Calculate the highest common factor of 79 and c.
79
Let z(j) = 6 + 20*j + j**2 + 10 - 11*j. Let g be z(-9). Calculate the highest common factor of g and 4.
4
Let q(p) = -p**3 + 10*p**2 + 11*p - 10. Let c be q(8). Let s = c + -122. Calculate the highest common factor of s and 48.
12
Suppose -2*o - o - 5*p = -60, -2*p = 6. Let w(c) = 539*c - 6. Let n be w(-6). Let v be (-4)/(-10) - n/o. Calculate the highest common divisor of 13 and v.
13
Let p(y) = -y**3 - 22*y**2 - 2*y - 2. Suppose 2*b + 44 = 5*r, -3*b + 5*r - 66 = -0*b. Let q be p(b). Calculate the greatest common divisor of 105 and q.
21
Let u(i) = -10*i - 59. Let g be u(-6). What is the greatest common divisor of 19 and g?
1
Suppose -8*a + 3*a + 15 = 0. Suppose 0*t = 5*t - 10. Suppose 3*v - 260 = 5*h, -a*h - t*h + 300 = 4*v. Calculate the greatest common factor of v and 32.
16
Let v(l) = 2*l - 10. Let h be v(8). Suppose 9*d - 10*d + 6 = 0. Calculate the greatest common factor of h and d.
6
Suppose -3*r = -3*n - 204, -r + 3*n - 60 = -2*r. Let h be r/2 - (-9)/(-3). What is the greatest common divisor of h and 30?
30
Let g(q) = 51*q**2 + 9*q + 9. Let t be g(-2). What is the greatest common factor of t and 117?
39
Let y(m) = -3*m + 2. Let p(z) = -z**3 + 5*z**2 - 2*z - 9. Let s be p(4). Let n be y(s). Calculate the greatest common divisor of 30 and n.
5
Let z = -31 - -33. Suppose -2*w - i = -64, -2*i = z*w + 3*i - 80. Calculate the greatest common divisor of w and 75.
15
Suppose -3*a - 27 = 6*t - 7*t, t + 3*a = 45. What is the highest common factor of t and 36?
36
Suppose -3*o - o + 4 = 0. Suppose 7*f - 57 + o = 0. Suppose f*g + 36 = 10*g. Calculate the highest common factor of g and 27.
9
Suppose -2*r + 8 = -j + 3*r, -3*r + 2 = -2*j. Suppose 2*z = 2*q + 4*z - 60, -q = -j*z - 21. Let y = q + -26. What is the greatest common divisor of 10 and y?
1
Let y(a) = 2*a**2 + 4. Let h be y(-4). Suppose -1 + 721 = 5*v. Suppose 2*x - x - v = 0. Calculate the greatest common divisor of h and x.
36
Suppose -128 + 142 = p. Calculate the greatest common factor of 602 and p.
14
Suppose 3*d + 127 = 2*u + 2*d, 3*u - 5*d - 201 = 0. Let h = -30 + u. Calculate the greatest common factor of 4 and h.
4
Let f be 2/6 - (-86)/(-6). Let l(s) = -s - 16. Let x be l(f). Let i be (-44)/(-6)*(-3)/x. Calculate the greatest common divisor of i and 44.
11
Let f be 4/(-14) + -82*(-3)/(-21). Let k be (-2 - 64/f)*42/5. Calculate the greatest common factor of 42 and k.
14
Suppose -5*m = 159 - 319. Suppose 0 = 5*q - k - 2*k - 178, 0 = q + 3*k - m. What is the highest common factor of q and 14?
7
Let h be (2 + -4)*24/(-3). Let r(u) = -3*u + 8. Let g be r(-8). Calculate the highest common factor of g and h.
16
Let d(x) be the first derivative of x**4/2 - x**3/3 - 4*x + 5. Let u be d(3). What is the highest common divisor of 123 and u?
41
Let x be 2/(-2)*-10 + -2. Suppose -x = -2*w - 2*k, 4*w - k + 6*k - 18 = 0. Suppose w*c